634.
196
Calculate the remainder when 13905015 is divided by 550.
465
What is the remainder when 2579891 is divided by 1274?
41
Calculate the remainder when 26537157 is divided by 2205.
2187
Calculate the remainder when 4631649 is divided by 50.
49
What is the remainder when 149328 is divided by 897?
426
Calculate the remainder when 2576524 is divided by 367930.
1014
What is the remainder when 3841159 is divided by 436?
435
What is the remainder when 633769643 is divided by 12?
11
What is the remainder when 2183211 is divided by 4841?
4761
What is the remainder when 66519453 is divided by 5116881?
0
What is the remainder when 751413 is divided by 75078?
633
What is the remainder when 27388301 is divided by 105?
101
Calculate the remainder when 2837896 is divided by 672.
40
What is the remainder when 206000 is divided by 348?
332
What is the remainder when 285110 is divided by 182?
98
Calculate the remainder when 73039362 is divided by 5.
2
Calculate the remainder when 974621 is divided by 7923.
92
Calculate the remainder when 610908 is divided by 1311.
1293
Calculate the remainder when 1577543 is divided by 13.
6
What is the remainder when 839268 is divided by 230?
228
What is the remainder when 5436762 is divided by 587?
555
Calculate the remainder when 233387 is divided by 3044.
2043
Calculate the remainder when 100380 is divided by 16572.
948
Calculate the remainder when 5781043 is divided by 3147.
4
Calculate the remainder when 694324 is divided by 1060.
24
Calculate the remainder when 2675616 is divided by 17.
3
Calculate the remainder when 13544025 is divided by 10.
5
Calculate the remainder when 5454134 is divided by 1671.
1661
Calculate the remainder when 2423871 is divided by 231.
219
Calculate the remainder when 27939457 is divided by 372.
25
What is the remainder when 98102 is divided by 1458?
416
Calculate the remainder when 11958 is divided by 779.
273
Calculate the remainder when 62830903 is divided by 30.
13
What is the remainder when 11162850 is divided by 97?
90
Calculate the remainder when 252934 is divided by 511.
500
What is the remainder when 366193 is divided by 2286?
433
Calculate the remainder when 1450220 is divided by 604.
16
What is the remainder when 520886 is divided by 3382?
58
Calculate the remainder when 625473 is divided by 263.
59
What is the remainder when 2368861 is divided by 473765?
36
Calculate the remainder when 431126 is divided by 597.
92
Calculate the remainder when 1085906 is divided by 64.
18
Calculate the remainder when 1762397 is divided by 25.
22
What is the remainder when 32959304 is divided by 20?
4
Calculate the remainder when 275098 is divided by 55014.
28
What is the remainder when 116754 is divided by 255?
219
Calculate the remainder when 33988 is divided by 9974.
4066
What is the remainder when 1034758 is divided by 147821?
11
Calculate the remainder when 417606 is divided by 256.
70
What is the remainder when 310372 is divided by 2608?
20
Calculate the remainder when 90873 is divided by 28395.
5688
Calculate the remainder when 3963552 is divided by 671.
626
Calculate the remainder when 334238 is divided by 4516.
54
Calculate the remainder when 782534 is divided by 78253.
4
What is the remainder when 6538025 is divided by 108?
29
Calculate the remainder when 878522 is divided by 292840.
2
Calculate the remainder when 200850 is divided by 9127.
56
Calculate the remainder when 13472 is divided by 516.
56
Calculate the remainder when 120200 is divided by 19999.
206
What is the remainder when 52023 is divided by 699?
297
Calculate the remainder when 757952 is divided by 88.
8
What is the remainder when 655671 is divided by 4311?
399
What is the remainder when 56859111 is divided by 1333?
1329
Calculate the remainder when 177414 is divided by 176847.
567
What is the remainder when 13856738 is divided by 9?
5
Calculate the remainder when 14356889 is divided by 2050981.
22
Calculate the remainder when 42850342 is divided by 101062.
54
What is the remainder when 2780273 is divided by 6377?
6278
Calculate the remainder when 1837630 is divided by 272.
270
What is the remainder when 6075557 is divided by 38697?
128
Calculate the remainder when 149674538 is divided by 142.
6
What is the remainder when 457863 is divided by 511?
7
Calculate the remainder when 505511 is divided by 59.
58
What is the remainder when 722528 is divided by 72252?
8
Calculate the remainder when 2758696 is divided by 91956.
16
Calculate the remainder when 265391 is divided by 200.
191
What is the remainder when 304336 is divided by 147?
46
What is the remainder when 173970094 is divided by 24?
22
What is the remainder when 292052 is divided by 1788?
608
What is the remainder when 32410226 is divided by 1800568?
2
Calculate the remainder when 2057448 is divided by 9659.
81
What is the remainder when 6848491 is divided by 4584?
4579
What is the remainder when 210232 is divided by 209310?
922
Calculate the remainder when 1073446 is divided by 1238.
100
What is the remainder when 39045 is divided by 3532?
193
What is the remainder when 3426046 is divided by 59?
34
Calculate the remainder when 593088 is divided by 644.
608
Calculate the remainder when 223952 is divided by 1440.
752
What is the remainder when 4184935 is divided by 52311?
55
What is the remainder when 7125462 is divided by 7125456?
6
Calculate the remainder when 13779792 is divided by 44308.
4
What is the remainder when 165480 is divided by 561?
546
What is the remainder when 51739845 is divided by 43?
9
What is the remainder when 1415150 is divided by 719?
158
What is the remainder when 285772 is divided by 342?
202
Calculate the remainder when 6234487 is divided by 2197.
1598
Calculate the remainder when 34616 is divided by 669.
497
Calculate the remainder when 2101563 is divided by 1050769.
25
What is the remainder when 29152037 is divided by 511?
509
Calculate the remainder when 3992889 is divided by 1319.
276
Calculate the remainder when 365103 is divided by 182448.
207
Calculate the remainder when 905565 is divided by 10.
5
What is the remainder when 13739777 is divided by 213?
212
What is the remainder when 463701258 is divided by 48?
42
What is the remainder when 7836776 is divided by 20623?
36
What is the remainder when 4679433 is divided by 259967?
27
What is the remainder when 322360 is divided by 107401?
157
What is the remainder when 7190560 is divided by 753?
163
What is the remainder when 11371096 is divided by 7206?
28
What is the remainder when 384246 is divided by 1140?
66
Calculate the remainder when 125011044 is divided by 25696.
4
What is the remainder when 3970 is divided by 95?
75
What is the remainder when 504516 is divided by 620?
456
Calculate the remainder when 2544670 is divided by 2775.
2770
What is the remainder when 3923337 is divided by 27?
21
Calculate the remainder when 25811213 is divided by 80159.
15
Calculate the remainder when 9387 is divided by 1562.
15
What is the remainder when 1063169 is divided by 265775?
69
What is the remainder when 40080 is divided by 3372?
2988
Calculate the remainder when 122987596 is divided by 24597518.
6
Calculate the remainder when 90194 is divided by 433.
130
Calculate the remainder when 2674181 is divided by 1271.
1268
What is the remainder when 6810938 is divided by 2270311?
5
What is the remainder when 4125945 is divided by 267?
261
What is the remainder when 11251035 is divided by 127?
105
Calculate the remainder when 2573168 is divided by 208.
0
What is the remainder when 20612065 is divided by 507?
487
What is the remainder when 20340235 is divided by 998?
995
Calculate the remainder when 537540 is divided by 5842.
76
What is the remainder when 16609372 is divided by 311?
106
What is the remainder when 23683343 is divided by 13?
8
Calculate the remainder when 687186 is divided by 24541.
38
Calculate the remainder when 210278189 is divided by 2758.
2753
What is the remainder when 200884 is divided by 18173?
981
Calculate the remainder when 1410868 is divided by 304.
4
Calculate the remainder when 8644449 is divided by 444.
213
Calculate the remainder when 228756 is divided by 9531.
12
What is the remainder when 67102521 is divided by 6309?
6306
Calculate the remainder when 68392 is divided